usands digit of 2390?
2
What is the tens digit of 2452?
5
What is the hundreds digit of 822?
8
What is the thousands digit of 81039?
1
What is the tens digit of 117910?
1
What is the units digit of 8848?
8
What is the hundreds digit of 3981?
9
What is the thousands digit of 58742?
8
What is the tens digit of 841?
4
What is the tens digit of 44249?
4
What is the units digit of 44443?
3
What is the units digit of 4409?
9
What is the hundreds digit of 518?
5
What is the units digit of 1185?
5
What is the tens digit of 981?
8
What is the thousands digit of 45508?
5
What is the thousands digit of 88873?
8
What is the units digit of 939?
9
What is the hundreds digit of 3878?
8
What is the thousands digit of 13982?
3
What is the hundreds digit of 3446?
4
What is the hundreds digit of 1797?
7
What is the thousands digit of 55994?
5
What is the hundred thousands digit of 133226?
1
What is the tens digit of 2516?
1
What is the tens digit of 957?
5
What is the tens digit of 3432?
3
What is the hundreds digit of 764?
7
What is the units digit of 64?
4
What is the units digit of 345?
5
What is the tens digit of 321?
2
What is the hundreds digit of 324?
3
What is the tens digit of 2124?
2
What is the hundreds digit of 1523?
5
What is the thousands digit of 1903?
1
What is the tens digit of 2198?
9
What is the ten thousands digit of 38620?
3
What is the tens digit of 4392?
9
What is the tens digit of 690?
9
What is the thousands digit of 4865?
4
What is the thousands digit of 46630?
6
What is the hundreds digit of 7828?
8
What is the tens digit of 475?
7
What is the tens digit of 736?
3
What is the tens digit of 14649?
4
What is the units digit of 5212?
2
What is the tens digit of 2559?
5
What is the hundreds digit of 986?
9
What is the hundreds digit of 34813?
8
What is the ten thousands digit of 31411?
3
What is the hundreds digit of 2824?
8
What is the tens digit of 16225?
2
What is the units digit of 2140?
0
What is the tens digit of 770?
7
What is the tens digit of 18746?
4
What is the tens digit of 506?
0
What is the units digit of 385?
5
What is the hundreds digit of 159017?
0
What is the units digit of 10107?
7
What is the units digit of 34468?
8
What is the hundreds digit of 2037?
0
What is the thousands digit of 14005?
4
What is the units digit of 672?
2
What is the hundreds digit of 3539?
5
What is the hundreds digit of 50565?
5
What is the hundreds digit of 3820?
8
What is the thousands digit of 35457?
5
What is the hundreds digit of 2987?
9
What is the thousands digit of 33584?
3
What is the units digit of 148?
8
What is the units digit of 3049?
9
What is the tens digit of 373?
7
What is the units digit of 7826?
6
What is the hundreds digit of 602?
6
What is the tens digit of 1944?
4
What is the thousands digit of 1840?
1
What is the hundreds digit of 1627?
6
What is the hundreds digit of 339?
3
What is the hundreds digit of 1819?
8
What is the thousands digit of 3547?
3
What is the thousands digit of 1076?
1
What is the units digit of 8210?
0
What is the units digit of 847?
7
What is the tens digit of 104?
0
What is the tens digit of 15143?
4
What is the units digit of 14869?
9
What is the units digit of 5977?
7
What is the thousands digit of 2231?
2
What is the hundreds digit of 69709?
7
What is the thousands digit of 3665?
3
What is the tens digit of 339?
3
What is the tens digit of 141544?
4
What is the units digit of 4440?
0
What is the units digit of 11191?
1
What is the tens digit of 3360?
6
What is the tens digit of 13830?
3
What is the units digit of 24?
4
What is the units digit of 4355?
5
What is the units digit of 5922?
2
What is the thousands digit of 1980?
1
What is the thousands digit of 44315?
4
What is the tens digit of 13374?
7
What is the hundreds digit of 949?
9
What is the units digit of 7317?
7
What is the thousands digit of 1686?
1
What is the units digit of 4244?
4
What is the hundreds digit of 2678?
6
What is the units digit of 65328?
8
What is the tens digit of 601?
0
What is the hundreds digit of 94314?
3
What is the hundreds digit of 542?
5
What is the units digit of 42160?
0
What is the tens digit of 631?
3
What is the ten thousands digit of 47330?
4
What is the units digit of 632?
2
What is the tens digit of 39343?
4
What is the units digit of 10306?
6
What is the thousands digit of 20773?
0
What is the hundreds digit of 4169?
1
What is the tens digit of 18230?
3
What is the thousands digit of 6389?
6
What is the tens digit of 12183?
8
What is the tens digit of 6642?
4
What is the tens digit of 4026?
2
What is the units digit of 480?
0
What is the units digit of 2821?
1
What is the tens digit of 978?
7
What is the tens digit of 73040?
4
What is the units digit of 491?
1
What is the tens digit of 98495?
9
What is the hundreds digit of 27297?
2
What is the hundreds digit of 9650?
6
What is the units digit of 40?
0
What is the hundreds digit of 1739?
7
What is the tens digit of 549?
4
What is the ten thousands digit of 30884?
3
What is the tens digit of 172777?
7
What is the hundreds digit of 212?
2
What is the ten thousands digit of 128419?
2
What is the units digit of 7323?
3
What is the tens digit of 8703?
0
What is the hundreds digit of 5797?
7
What is the hundred thousands digit of 163690?
1
What is the tens digit of 1263?
6
What is the tens digit of 36575?
7
What is the thousands digit of 1693?
1
What is the units digit of 28120?
0
What is the units digit of 9359?
9
What is the thousands digit of 7201?
7
What is the ten thousands digit of 38266?
3
What is the units digit of 9220?
0
What is the thousands digit of 1437?
1
What is the hundreds digit of 61132?
1
What is the hundreds digit of 2005?
0
What is the tens digit of 139793?
9
What is the thousands digit of 4632?
4
What is the tens digit of 116264?
6
What is the units digit of 39?
9
What is the hundred thousands digit of 145171?
1
What is the hundreds digit of 2142?
1
What is the hundreds digit of 12630?
6
What is the tens digit of 928?
2
What is the tens digit of 2068?
6
What is the thousands digit of 28445?
8
What is the thousands digit of 6344?
6
What is the tens digit of 510?
1
What is the thousands digit of 3258?
3
What is the units digit of 45774?
4
What is the thousands digit of 5486?
5
What is the tens digit of 119?
1
What is the thousands digit of 8579?
8
What is the thousands digit of 4232?
4
What is the thousands digit of 5197?
5
What is the ten thousands digit of 48141?
4
What is the units digit of 935?
5
What is the tens digit of 54175?
7
What is the units digit of 10329?
9
What is the units digit of 1346?
6
What is the thousands digit of 3260?
3
What is the tens digit of 864?
6
What is the tens digit of 3746?
4
What is the ten thousands digit of 16145?
1
What is the hundreds digit of 481?
4
What is the tens digit of 1890?
9
What is the hundreds digit of 2634?
6
What is the hundreds digit of 15753?
7
What is the tens digit of 85879?
7
What is the units digit of 24052?
2
What is the thousands digit of 4251?
4
What is the thousands digit of 2955?
2
What is the units digit of 903?
3
What is the tens digit of 1420?
2
What is the tens digit of 45998?
9
What is the hundreds digit of 107764?
7
What is the units digit of 14187?
7
What is the hundreds digit of 10741?
7
What is the tens digit of 10080?
8
What is the tens digit of 690?
9
What is the ten thousands digit of 43875?
4
What is the thousands digit of 2500?
2
What is the units digit of 22512?
2
What is the thousands digit of 1345?
1
What is the units digit of 115081?
1
What is the tens digit of 4731?
3
What is the units digit of 6495?
5
What is the tens digit of 715?
1
What is the units digit of 878?
8
What is the units digit of 23450?
0
What is the hundred thousands digit of 100511?
1
What is the hundreds digit of 56084?
0
What is the units digit of 1713?
3
What is the ten thousands digit of 11320?
1
What is the tens digit of 8599?
9
What is the tens digit of 112605?
0
What is the units digit of 985?
5
What is the units digit of 78056?
6
What is the thousands digit of 11967?
1
What is the tens digit of 39741?
4
What is the thousands digit of 3093?
3
What is the thousands digit of 1234?
1
What is the thousands digit of 12301?
2
What is the hundreds digit of 6021?
0
What is the hundreds digit 